{"id":2054,"date":"2018-08-05T21:34:08","date_gmt":"2018-08-06T00:34:08","guid":{"rendered":"http:\/\/www.encontracampogrande.com.br\/sobre\/?page_id=2054"},"modified":"2019-06-11T21:50:39","modified_gmt":"2019-06-12T00:50:39","slug":"shopping-bosque-dos-ipes-campo-grande-ms","status":"publish","type":"page","link":"https:\/\/www.encontracampogrande.com.br\/sobre\/shopping-bosque-dos-ipes-campo-grande-ms\/","title":{"rendered":"Shopping Bosque dos Ip\u00eas Campo Grande MS"},"content":{"rendered":"<div class=\"b2d8c3bba058484cf9e2131e6896ed29\" data-index=\"1\" style=\"float: none; margin:0px;\">\n<!-- Anuncio display - global -->\r\n<ins class=\"adsbygoogle\"\r\n     style=\"display:block\"\r\n     data-ad-client=\"ca-pub-8585364105181520\"\r\n     data-ad-slot=\"8789329856\"\r\n     data-ad-format=\"auto\"\r\n     data-full-width-responsive=\"true\"><\/ins>\r\n<script>\r\n     (adsbygoogle = window.adsbygoogle || []).push({});\r\n<\/script>\n<\/div>\n<p>Projetado com conceito regional, o <strong>Shopping Bosque dos Ip\u00eas Campo Grande MS<\/strong> \u00e9 o mais moderno e mais bem equipado do Mato Grosso do Sul, propiciando conforto, seguran\u00e7a e praticidade aos seus\u00a0clientes.<\/p>\n<p>Com 38 mil metros quadrados de \u00e1rea loc\u00e1vel, tem mais de 2 mil vagas de estacionamento, o Shopping conta, ainda, com a melhor rede de cinemas do Estado, a UCI, com equipamentos de alta\u00a0tecnologia, al\u00e9m de uma diversificada Pra\u00e7a de Alimenta\u00e7\u00e3o.<\/p>\n<p><img loading=\"lazy\" decoding=\"async\" class=\"alignnone wp-image-2058 size-full\" title=\"Shopping Bosque dos Ip\u00eas Campo Grande MS\" src=\"http:\/\/www.encontracampogrande.com.br\/sobre\/wp-content\/uploads\/2018\/08\/shopping-bosque-dos-ipes-campo-grande-ms.jpg\" alt=\"Shopping Bosque dos Ip\u00eas Campo Grande MS\" width=\"680\" height=\"189\" srcset=\"https:\/\/www.encontracampogrande.com.br\/sobre\/wp-content\/uploads\/2018\/08\/shopping-bosque-dos-ipes-campo-grande-ms.jpg 680w, https:\/\/www.encontracampogrande.com.br\/sobre\/wp-content\/uploads\/2018\/08\/shopping-bosque-dos-ipes-campo-grande-ms-300x83.jpg 300w\" sizes=\"auto, (max-width: 680px) 100vw, 680px\" \/><\/p>\n<p>O Shopping Bosque dos Ip\u00eas est\u00e1 localizado a apenas 10 minutos do centro, ao lado do Alphaville e do Parque Municipal Consul Assaf Trad. Dentre outros aspectos, pretende propiciar em seu entorno a atra\u00e7\u00e3o de novos investimentos imobili\u00e1rios, residenciais, empresariais e hoteleiros, criando assim, uma nova centralidade em Campo Grande.<\/p>\n<p>Elaborado pela empresa RTKL, um dos maiores escrit\u00f3rios de arquitetura comercial do mundo, o projeto concilia o uso de tecnologias e materiais de alta qualidade, com toques regionais que se fazem presentes na ambienta\u00e7\u00e3o e no paisagismo. No aspecto da preserva\u00e7\u00e3o do meio ambiente, todo o projeto foi pensado focando o uso racional de energia, \u00e1guas e dos demais recursos naturais, atrav\u00e9s de tecnologias autossustent\u00e1veis. Condi\u00e7\u00e3o essa que possibilitou ao Shopping Bosque dos Ip\u00eas requerer o selo de \u201cedifica\u00e7\u00e3o verde\u201d, junto ao Green Buiding Counil, Organiza\u00e7\u00e3o N\u00e3o-Governamental (ONG) que certifica, em n\u00edvel internacional, as iniciativas da constru\u00e7\u00e3o civil no que se refere ao uso adequado e ecologicamente correto de energia e dos recursos naturais, com a certifica\u00e7\u00e3o LEED, categoria Silver.<\/p>\n<p>A escolha de Campo Grande para a constru\u00e7\u00e3o do Shopping Bosque dos Ip\u00eas aconteceu em fun\u00e7\u00e3o da cidade apresentar um mercado em crescimento. Pesquisa divulgada pela Kantar Worldpanel, especializada em an\u00e1lise de mercados, apontou que o consumo na regi\u00e3o Centro-Oeste \u00e9 o que mais cresce no Brasil. O estudo, divulgado pelo jornal O Estado de S\u00e3o Paulo, apontou que na compara\u00e7\u00e3o de 2010 com o ano de 2009, as fam\u00edlias que vivem nos estados de Mato Grosso do Sul, Mato Grosso, Goi\u00e1s e no Distrito Federal apresentam um crescimento do volume de compras de 18%, contra 10,4% da m\u00e9dia nacional. Al\u00e9m desse fator, a infraestrutura de Campo Grande, que dentre outros aspectos apresenta uma \u00f3tima malha vi\u00e1ria, tamb\u00e9m teve grande import\u00e2ncia na decis\u00e3o do investimento.<\/p>\n<h2>Shopping Bosque dos Ip\u00eas Campo Grande MS Cinema<\/h2>\n<p>O UCI Bosque dos Ip\u00eas tem <em>tr\u00eas salas de cinema com tecnologia 3D e equipamentos de alta qualidade.<\/em><\/p>\n<h3>Shopping Bosque dos Ip\u00eas Campo Grande MS\u00a0Lojas<\/h3>\n<p>S\u00e3o mais de <em>140 lojas<\/em> esperando por voc\u00ea. Acesse o site\u00a0e confira.<\/p>\n<h3>Shopping Bosque dos Ip\u00eas Campo Grande MS Vagas de Emprego<\/h3>\n<p>Se voc\u00ea quer fazer parte da <em>equipe<\/em> do Shopping Bosque dos Ipes Campo Grande Ms acesse o site ou clique no <a href=\"https:\/\/www.bosquedosipes.com\/trabalhe-conosco\/\" target=\"_blank\" rel=\"noopener noreferrer\">link<\/a> para mais informa\u00e7\u00f5es de como enviar seu <em>curr\u00edculo<\/em>.<\/p>\n<h3>Shopping Bosque dos Ip\u00eas Campo Grande MS Fotos<\/h3>\n<p><img loading=\"lazy\" decoding=\"async\" class=\"alignnone wp-image-2059 size-full\" title=\"Shopping Bosque dos Ip\u00eas Campo Grande MS Fotos\" src=\"http:\/\/www.encontracampogrande.com.br\/sobre\/wp-content\/uploads\/2018\/08\/shopping-bosque-dos-ipes-campo-grande-ms-fotos.jpg\" alt=\"Shopping Bosque dos Ip\u00eas Campo Grande MS Fotos\" width=\"680\" height=\"189\" srcset=\"https:\/\/www.encontracampogrande.com.br\/sobre\/wp-content\/uploads\/2018\/08\/shopping-bosque-dos-ipes-campo-grande-ms-fotos.jpg 680w, https:\/\/www.encontracampogrande.com.br\/sobre\/wp-content\/uploads\/2018\/08\/shopping-bosque-dos-ipes-campo-grande-ms-fotos-300x83.jpg 300w\" sizes=\"auto, (max-width: 680px) 100vw, 680px\" \/><\/p>\n<h3>Hor\u00e1rio de Funcionamento Shopping Bosque dos Ip\u00eas Campo Grande MS<\/h3>\n<ul>\n<li>Segunda a domingo das 10h \u00e1s 22h<\/li>\n<\/ul>\n<h3>Onde Fica, Endere\u00e7o e Telefone Shopping Bosque dos Ip\u00eas Campo Grande MS<\/h3>\n<ul>\n<li>Av. C\u00f4nsul Assaf Trad, 4796 &#8211; Parque dos Novos Estados &#8211; Campo Grande &#8211; MS<\/li>\n<li>Telefone: (67) 3304-5555<\/li>\n<\/ul>\n<h4>Outras informa\u00e7\u00f5es e site<\/h4>\n<ul>\n<li>Mais informa\u00e7\u00f5es: <a href=\"https:\/\/www.bosquedosipes.com\/\" target=\"_blank\" rel=\"noopener noreferrer\">www.bosquedosipes.com<\/a><\/li>\n<\/ul>\n<h4>Mapa de localiza\u00e7\u00e3o<\/h4>\n<a class=\"wp-colorbox-iframe\" href=\"https:\/\/www.google.com\/maps\/embed?pb=!1m18!1m12!1m3!1d3739.646391378469!2d-54.56100998507784!3d-20.39746458634376!2m3!1f0!2f0!3f0!3m2!1i1024!2i768!4f13.1!3m3!1m2!1s0x9486e9d1725b65070xab3f3571a4f76170!2sShopping+Bosque+dos+Ips!5e0!3m2!1spt-BR!2sbr!4v1533515951744\"><img decoding=\"async\" src=\"http:\/\/www.encontrabelohorizonte.com.br\/imgs\/maps-post.png\"><\/a>\n\n<div style=\"font-size: 0px; height: 0px; line-height: 0px; margin: 0; padding: 0; clear: both;\"><\/div>","protected":false},"excerpt":{"rendered":"<p>Projetado com conceito regional, o Shopping Bosque dos Ip\u00eas Campo Grande MS \u00e9 o mais moderno e mais bem equipado do Mato Grosso do Sul, propiciando conforto, seguran\u00e7a e praticidade aos seus\u00a0clientes. Com 38 mil metros quadrados de \u00e1rea loc\u00e1vel, tem mais de 2 mil vagas de estacionamento, o Shopping conta, ainda, com a melhor rede de cinemas do Estado, a UCI, com equipamentos de alta\u00a0tecnologia, al\u00e9m de uma diversificada Pra\u00e7a de Alimenta\u00e7\u00e3o. O Shopping Bosque dos Ip\u00eas est\u00e1 localizado a apenas 10 minutos do centro, ao lado do Alphaville e do Parque Municipal Consul Assaf Trad. Dentre outros aspectos, <\/p>\n","protected":false},"author":1,"featured_media":0,"parent":0,"menu_order":0,"comment_status":"closed","ping_status":"closed","template":"","meta":{"footnotes":""},"class_list":["post-2054","page","type-page","status-publish","hentry"],"aioseo_notices":[],"_links":{"self":[{"href":"https:\/\/www.encontracampogrande.com.br\/sobre\/wp-json\/wp\/v2\/pages\/2054","targetHints":{"allow":["GET"]}}],"collection":[{"href":"https:\/\/www.encontracampogrande.com.br\/sobre\/wp-json\/wp\/v2\/pages"}],"about":[{"href":"https:\/\/www.encontracampogrande.com.br\/sobre\/wp-json\/wp\/v2\/types\/page"}],"author":[{"embeddable":true,"href":"https:\/\/www.encontracampogrande.com.br\/sobre\/wp-json\/wp\/v2\/users\/1"}],"replies":[{"embeddable":true,"href":"https:\/\/www.encontracampogrande.com.br\/sobre\/wp-json\/wp\/v2\/comments?post=2054"}],"version-history":[{"count":0,"href":"https:\/\/www.encontracampogrande.com.br\/sobre\/wp-json\/wp\/v2\/pages\/2054\/revisions"}],"wp:attachment":[{"href":"https:\/\/www.encontracampogrande.com.br\/sobre\/wp-json\/wp\/v2\/media?parent=2054"}],"curies":[{"name":"wp","href":"https:\/\/api.w.org\/{rel}","templated":true}]}}